ose -10218 + 13554 = -18*y + 35268. Calculate the remainder when y is divided by 16.
14
Let m(j) = -j**3 - 30*j**2 - 236*j + 43. What is the remainder when m(-15) is divided by 18?
10
Let t(k) = 10*k**2 - 3*k - 29. Let i be t(11). What is the remainder when (i/7 - 3) + 3 is divided by 33?
32
Let z(j) = 8*j**2 - 62*j - 591. What is the remainder when 677 is divided by z(15)?
119
Suppose -1670 = -80*g + 70*g. Calculate the remainder when 842 is divided by g.
7
Suppose 8*p + 13*p = 21. Suppose 49 + p = 5*h. Suppose s = 7*g - 2*g - 195, 5*g - 2*s - 200 = 0. Calculate the remainder when g is divided by h.
8
Suppose 0 = 164*b - 172*b + 944. What is the remainder when b is divided by 60?
58
Let d be ((-63)/(-84))/((-6)/(-8)). What is the remainder when (5/5)/(2/214) + d is divided by 58?
50
Suppose 4*u + 5*r - r = 44, 5*r = -2*u + 19. Let x(s) = -60*s - 92. What is the remainder when x(-3) is divided by u?
4
Let v = -3395 - -3749. What is the remainder when v is divided by 60?
54
Let o(g) = g + 4. Let a = -3 + -5. Let c(i) = -5*i - 23. Let x be c(a). Calculate the remainder when o(x) is divided by 6.
3
Suppose -9417 = -4*c - 3*t, -4*c = 5*t + 3087 - 12502. Calculate the remainder when c is divided by 782.
9
Calculate the remainder when 428 is divided by ((-456)/28 - -14)*-63.
140
Let j be (-153)/((-5)/10*2). Let y = -132 + j. What is the remainder when 334 is divided by y?
19
Suppose 2*w - 6*w - 1259 = -2147. Calculate the remainder when 1335 is divided by w.
3
Let o = 530 - 358. Suppose 2*h = -0*h + o. What is the remainder when h is divided by 10/(-35) + (-1343)/(-119)?
9
Let h = 15628 - 15407. Calculate the remainder when 2002 is divided by h.
13
Let f(o) = -94*o**2 - 383*o - 15. Calculate the remainder when 968 is divided by f(-4).
6
Let l be (-4)/(-2) + -6 + 4. Suppose -2*m + 7*m - 565 = l. Let y(b) = -b**3 + 12*b**2 - 31*b - 5. What is the remainder when m is divided by y(7)?
21
Suppose -153*x + 188*x = -82*x + 17316. Suppose 4*r + 4 = 12. Suppose -50 = -p - d, -r*p = p - d - 150. Calculate the remainder when x is divided by p.
48
Let z = 19 + -15. Suppose b - 6*b - 57 = -4*g, -g + z*b + 28 = 0. Calculate the remainder when 30 is divided by g.
6
Let g be (-1)/(2 + 55/(-25)). Suppose g*l - 115 = 95. Calculate the remainder when l is divided by 16.
10
Let l be (-5)/135*-6 + (-4838)/(-18). Let u = -1 + l. What is the remainder when u is divided by 15?
13
Suppose 4*a = -x + 169, -154*a + 52 = -153*a - 3*x. What is the remainder when 205 is divided by a?
33
Let s(v) = -29*v + 620. Suppose 5*t - 2 = -4*l, -4*t - 16 = -l - 5. Calculate the remainder when l + 4/((-8)/(-70)) is divided by s(21).
5
Suppose -3*p + 66 = o, 2*o - p = 194 - 55. Suppose -3*w + 6*w = o. Suppose -3*s - w = -5*b + 35, 4*b - 48 = 4*s. What is the remainder when 87 is divided by b?
10
Suppose 5*l - 93 = -2*o, -81 = -2*o - 0*l - l. Suppose o*d = 47*d - 1472. What is the remainder when d is divided by 17?
14
Let x(r) = r**3 + 5*r**2 - 3*r - 5. Let m be x(-6). Suppose 0 = -7*t - 43*t + 4200. Let w = m + t. What is the remainder when w is divided by 8?
5
Let k = 7134 - 7083. What is the remainder when 49111 is divided by k?
49
Let o = 165 + -96. Let a(c) = -10*c**2 - c + 2. Let s be a(-2). Calculate the remainder when o is divided by s/10*120/(-18).
21
Suppose -4*s + 8 = 0, -303*h = -299*h + 3*s - 554. Calculate the remainder when 420 is divided by h.
9
Let t(o) = -15*o - 40. Let l be t(-8). Let a = 35 + l. Calculate the remainder when a is divided by 9.
7
Let g = 3 + -1. What is the remainder when (99/3)/(6 + -3) is divided by g?
1
Let v be ((-170)/(-45))/17 + (-263)/9. Let d(i) = -i**2 - 30*i - 2. Calculate the remainder when 186 is divided by d(v).
24
Let z(w) = -6*w - 10. Suppose -3*y + 20 - 32 = 0. Calculate the remainder when 396/12 + (-18)/(-3) is divided by z(y).
11
Let d = -91 - -158. Suppose 0 = 2*r - 4*b - 140, 314 = 5*r - 0*b - b. Let o = r - 27. What is the remainder when d is divided by o?
32
Suppose -3*s = -7*s - 4*f + 1172, 0 = 5*s + f - 1485. Suppose 0 = -b + 174 + s. Calculate the remainder when b is divided by 19.
16
Suppose 3*h + x + 7 = 25, 2*x = 3*h - 27. Let n = 48 - h. Suppose 5*k = -2*t + 101, 0 = -4*k - 2*t + 28 + 52. What is the remainder when n is divided by k?
20
Let c(k) = -13*k + 242. Let g be c(26). Let l = 228 + g. What is the remainder when l is divided by 34?
30
Suppose 2*o = -9*c + 8*c + 34, -2*o = 5*c - 114. What is the remainder when 173 is divided by c?
13
Suppose 0 = 58*v - 60*v + 6120. Suppose 3*i + 12*i - v = 0. Let m = 35 - 9. What is the remainder when i is divided by m?
22
Suppose 3*m = 7*m. Suppose 5*q - 51 - 99 = 0. Let y = q + m. What is the remainder when 59 is divided by y?
29
Let y = 59 - 54. Suppose 0 = y*o + 13 + 27. Calculate the remainder when -2*(-4)/o + 17 is divided by 10.
6
Suppose 125*k + 2*h = 126*k - 202, 1058 = 5*k - 2*h. Calculate the remainder when k is divided by 54.
52
Suppose -64 = -2*a - 4*n, -1756*a + 56 = -1753*a - 4*n. Calculate the remainder when 84 is divided by a.
12
Let w = -8 + 16. Suppose -w*d = -26*d + 3546. What is the remainder when d is divided by 25?
22
Let t = 36 + -3. Let r = t - 34. What is the remainder when 246/12 + 1 + r/(-2) is divided by 13?
9
Let t(u) = -7*u - 8. Let m(k) = -k**2 + 2*k + 4. Let o be m(2). Suppose 2*l - 20 = -2*z + o*z, -15 = -3*l. Calculate the remainder when 106 is divided by t(z).
25
Let f = -681 + 683. Suppose -q - f*q = -2*t + 36, -5*q = t - 18. Calculate the remainder when 68 is divided by t.
14
Let j(k) = -35*k - 5. Let w be (1/2)/(1/(-106)). Let n = 51 + w. Calculate the remainder when j(n) is divided by 11.
10
Suppose -4*x - 8*x = -60. Suppose -185 = -5*y - f + 135, x*y = 4*f + 320. Calculate the remainder when y is divided by 2 - ((3 - 16) + 2).
12
Let t(a) = 6*a**2 + 691*a + 4188. What is the remainder when 13415 is divided by t(-6)?
257
Suppose 186*d - 183*d = -3*q + 1116, -5*d + 1860 = -5*q. Calculate the remainder when 748 is divided by d.
4
Suppose 0 = t - p - 5, -3*p = 3*t - 2*p - 7. Calculate the remainder when 72 is divided by t/((-270)/(-20)) - (-446)/18.
22
Calculate the remainder when 10/((-140)/21)*670/(-15) is divided by ((-2)/(-4))/((-15)/(-690)).
21
Let d(k) = k**3 + 48*k**2 + 128*k - 220. What is the remainder when 245 is divided by d(-45)?
55
What is the remainder when (2413/(-95))/(76/(-15) + 5)*2 is divided by 232?
66
Let o(f) = 79*f + 2546. Calculate the remainder when 32 is divided by o(-32).
14
Let k(q) = 3*q**2 + 10*q - 2. Suppose 0 = 5*w + 51 + 14. Let v be k(w). Suppose 3*a = 3*g + v, 5*g - 7 + 2 = 0. Calculate the remainder when a is divided by 32.
30
Let b be 2/4*-2*-41. Let l = b - 37. What is the remainder when 79 is divided by (-2)/(l/(-6) + 34/60)?
19
Suppose 16*k - 14*k = 12. Suppose k*y - 6 - 138 = 0. Calculate the remainder when 32 is divided by y.
8
Calculate the remainder when 1 - 4/((-16)/548) is divided by 39.
21
Suppose 0 = 2*x + 8, 4*h - 20*x = -16*x + 384. Let i = 34 - 15. Calculate the remainder when h is divided by i.
16
Let l(z) = z**2 - 18*z - 39. Let b be l(20). Suppose 5*q - 15 = -2*d, 18*d - 4*q = 17*d + b. Calculate the remainder when 103 is divided by d.
3
Let j(k) = 3*k**3 + 2*k**2 - 2*k + 7. What is the remainder when j(3) is divided by (-2)/(-15) - 15938/(-390)?
18
Suppose 0 = 9*k - 82 - 854. Let j = -61 + k. Calculate the remainder when j is divided by 24.
19
Let u(q) = -2*q**2 - 24*q - 63. Let d be u(-5). Suppose 0 = d*i + 47 - 103. Calculate the remainder when 47 is divided by i.
7
Let g = 1335 - 1335. Suppose 3*i + 3*j - 189 = g, 276 = 4*i + 5*j - 7*j. What is the remainder when i is divided by (-1*17)/(2/(-2))?
16
Let z = 4192 + -4188. Calculate the remainder when ((-133)/(-3))/((-7)/(-21)) is divided by z.
1
Let d = 7697 + -6856. Calculate the remainder when d is divided by 86.
67
Let z(o) = o + 8. Let k be z(-6). Suppose -2 = w - k*w. Suppose y - 6 = -b, -w*y - 4*b + 3 = 1. Calculate the remainder when y is divided by 4.
3
Suppose 4*n + 10 = -i, -4*n + 2*i = -2*i. Let q be n - ((-51)/(-68) + (-421)/(-4)). Let t = -90 - q. What is the remainder when 53 is divided by t?
17
Suppose -3*v = y - 0*v + 9, 4*y - 6 = 2*v. Suppose -3*k - k + 200 = y. Let b = -34 + k. What is the remainder when 28 is divided by b?
1